base 9, what is -147 + -773471?
-773628
In base 2, what is -11001111000011000010011110 + 1000?
-11001111000011000010010110
In base 5, what is -1401304102 - -4?
-1401304043
In base 7, what is 3 + 501666004?
501666010
In base 12, what is -11 + -2ba0b62?
-2ba0b73
In base 6, what is 4533 - 13152232?
-13143255
In base 16, what is -5 + 1006ee?
1006e9
In base 15, what is 1 + -517011?
-517010
In base 12, what is 701 - -164593?
165094
In base 13, what is 20b8 + 5c4?
26ac
In base 11, what is -2a29159 - -1?
-2a29158
In base 16, what is -34d7 - -13704?
1022d
In base 11, what is 5 + 96095266?
96095270
In base 12, what is -475 + -8a94?
-9349
In base 13, what is -12 + -1c152a1?
-1c152b3
In base 14, what is c590b + 57?
c5964
In base 6, what is 43452 - -11310?
55202
In base 12, what is 3 - 1b385839?
-1b385836
In base 14, what is -29 - -976594?
976569
In base 15, what is -b - d55961?
-d5596c
In base 15, what is -5d1 + -1c1d1?
-1c7b2
In base 14, what is d5354 + 24?
d5378
In base 15, what is -74 - 3d09?
-3d7d
In base 3, what is 11 - -121010010122?
121010010210
In base 13, what is a5b4b - 0?
a5b4b
In base 7, what is 1124066206 - 2?
1124066204
In base 7, what is -2113434452 + 1?
-2113434451
In base 15, what is 1c8da4 - 18?
1c8d8b
In base 7, what is 112 - -36664500?
36664612
In base 10, what is -3836 - -4194?
358
In base 15, what is -13d95 + 49?
-13d4b
In base 11, what is 2 - -7304759?
7304760
In base 16, what is -ad423 - -174?
-ad2af
In base 14, what is -3 - 64ddb4?
-64ddb7
In base 8, what is -20746610 + -5?
-20746615
In base 11, what is -4 + -11101986?
-1110198a
In base 11, what is 418a49 + -62?
418997
In base 3, what is -1002100201011100110 + 1?
-1002100201011100102
In base 8, what is -4015 + -112612?
-116627
In base 5, what is 23341241 - 424?
23340312
In base 12, what is -795 + -160b?
-21a4
In base 6, what is 3520 + 1400351?
1404311
In base 8, what is 321001 + -14?
320765
In base 16, what is 7e3 + -1864a?
-17e67
In base 10, what is 7 - 16443008?
-16443001
In base 16, what is -58 + -12c4e?
-12ca6
In base 12, what is 269 - 9b2090?
-9b1a23
In base 5, what is -12 - -410301403?
410301341
In base 13, what is 0 - -b68a94?
b68a94
In base 12, what is 276bb - -a?
27709
In base 7, what is -1412 - -31626?
30214
In base 9, what is -505877 + 555?
-505322
In base 8, what is -357503235 - -7?
-357503226
In base 8, what is -74554335 + -2?
-74554337
In base 5, what is 1442422 + -1230?
1441142
In base 11, what is 1524 + 197774?
199198
In base 13, what is 515ab + 3?
515b1
In base 10, what is 37 - 1516811?
-1516774
In base 9, what is -1 - -53052287?
53052286
In base 11, what is aa5a - 3a5?
a665
In base 2, what is 10001 + 11100001000001101001?
11100001000001111010
In base 6, what is 255 + -311404033?
-311403334
In base 16, what is -3b56d - -29?
-3b544
In base 7, what is -504012431 - 63?
-504012524
In base 12, what is 7 + -52293a?
-522933
In base 7, what is -1004152423 - 2?
-1004152425
In base 13, what is 7 + 22159b6?
22159c0
In base 16, what is 1fada9e - -1?
1fada9f
In base 16, what is 2a - -49eda?
49f04
In base 8, what is -1272276641 + 3?
-1272276636
In base 15, what is 1 + -3d06e81?
-3d06e80
In base 6, what is 2045425031 - 0?
2045425031
In base 4, what is -12221213032 - -20?
-12221213012
In base 15, what is 3 + 214634c?
2146350
In base 11, what is 567 + -6103?
-5647
In base 7, what is -424 + -123620?
-124344
In base 4, what is 1133120231 - -103?
1133121000
In base 15, what is 12 + 3e84c2?
3e84d4
In base 11, what is -601a7 + -112a?
-61326
In base 14, what is -209 + 5c774?
5c569
In base 8, what is 0 + 1625712572?
1625712572
In base 12, what is 4a5188b + 1?
4a51890
In base 12, what is 79b + 834b?
8b2a
In base 16, what is 1 - f059cc?
-f059cb
In base 7, what is -31400006 - -13?
-31366663
In base 10, what is -6 - -1427852?
1427846
In base 11, what is -513 + -90a3?
-9606
In base 2, what is -11 + 11101110101001111111100110?
11101110101001111111100011
In base 4, what is 211 + 2123011032?
2123011303
In base 14, what is -2dd - -6942?
6643
In base 4, what is -1012131013 + -23?
-1012131102
In base 7, what is 130145 + -30520?
66325
In base 7, what is -21014062534 - -4?
-21014062530
In base 13, what is -184 - -2576c?
255b8
In base 2, what is -10001011000 - -1100001110000111?
1011111100101111
In base 9, what is -6434805 + 6?
-6434788
In base 3, what is -11201020211012 - 1012?
-11201020212101
In base 7, what is -550 + -2455432?
-2456312
In base 12, what is 412 - -5a34?
6246
In base 15, what is -20791eb + -5?
-2079201
In base 6, what is -35 - 1101034313?
-1101034352
In base 3, what is 200 + 2010111120000?
2010111120200
In base 11, what is -22170a + -37?
-221746
In base 16, what is -6b8 + -1f96?
-264e
In base 9, what is 1765824 + 53?
1765877
In base 11, what is -5 - -159a068?
159a063
In base 5, what is 122143243414 - -1?
122143243420
In base 7, what is -6565 + -24550?
-34445
In base 2, what is 110111000 + -11110010100000010110?
-11110010011001011110
In base 11, what is -318 + -1217a94?
-1218301
In base 4, what is 1003310 + 13010032?
20020002
In base 13, what is 59 - -21195?
21221
In base 3, what is -102110120022 + -2010?
-102110122102
In base 16, what is -13 + -27c9e3f?
-27c9e52
In base 11, what is 58 + 6a1a804?
6a1a861
In base 9, what is -13318531 - 3?
-13318534
In base 8, what is -4 - -20252345?
20252341
In base 8, what is 52 - 403604?
-403532
In base 5, what is 113240 + -4143?
104042
In base 10, what is 798791 + 4?
798795
In base 12, what is 43189bb - -1?
4318a00
In base 9, what is -5 + -36855488?
-36855504
In base 10, what is 927 - 12204?
-11277
In base 6, what is -32025432553 - -5?
-32025432544
In base 4, what is -322021132 - 1200?
-322022332
In base 15, what is 8059 + -78?
7ed1
In base 6, what is -1 + 15014135?
15014134
In base 14, what is -7 + -1580213a?
-15802143
In base 4, what is 11 - -3112200102?
3112200113
In base 16, what is a14ac5 + 1?
a14ac6
In base 16, what is -d5a7732 + -3?
-d5a7735
In base 2, what is -110010100001 + 1001111110110100?
1001001100010011
In base 8, what is 14767566 - 3?
14767563
In base 5, what is 403213 + -143232?
204431
In base 12, what is 123195 + -49?
123148
In base 16, what is 1455 - -88f?
1ce4
In base 9, what is -6 + -4371045?
-4371052
In base 14, what is -2a8664 - -2?
-2a8662
In base 14, what is 4216 - -9?
4221
In base 11, what is 19a03895 + -4?
19a03891
In base 11, what is 2a38a1 - -5?
2a38a6
In base 6, what is 300522 - -202525?
503451
In base 14, what is 4a6b4 + 1d?
4a6d3
In base 16, what is 8 - 3f3d6b?
-3f3d63
In base 12, what is -858 - 8375?
-9011
In base 12, what is -755 - -1080?
527
In base 5, what is 3443432222 + 11?
3443432233
In base 10, what is -60251317 - -2?
-60251315
In base 3, what is 10 + 2110002201220011?
2110002201220021
In base 9, what is -45575 - 2061?
-47646
In base 3, what is -11222011022 - 1002110?
-12000020202
In base 12, what is 168622228 + 2?
16862222a
In base 10, what is -695334 + -1?
-695335
In base 9, what is 4268622 - 35?
4268576
In base 16, what is -172b18 - 3?
-172b1b
In base 9, what is -35286 + 2870?
-32316
In base 4, what is -1023120013 - 31?
-1023120110
In base 8, what is -1156703 - 1?
-1156704
In base 2, what is 1101111001101111 + -10111?
1101111001011000
In base 2, what is 1101010 + -1001110110100111?
-1001110100111101
In base 12, what is 2a74 - a8a?
1ba6
In base 4, what is 1 - -130222221323?
130222221330
In base 5, what is 12 + 443214242?
443214304
In base 9, what is 663844616 - 1?
663844615
In base 3, what is 1212102202122210 - -1?
1212102202122211
In base 12, what is 6ba9b - 1?
6ba9a
In base 7, what is 2104631 + 1613?
2106544
In base 10, what is 3975 + 51611?
55586
In base 8, what is -16753206 - -6?
-16753200
In base 3, what is 11222 + 22122222?
22211221
In base 2, what is -111011001111101111010000 - -1?
-111011001111101111001111
In base 3, what is -10021001 - -21200220011?
21120122010
In base 7, what is 2 + 113355621?
113355623
In base 14, what is -4 - 15635d75?
-15635d79
In base 5, what is 1102 + 11041330?
11042432
In base 15, what is -1a7e + c2?
-19ac
In base 5, what is 2 + 102022341203?
102022341210
In base 8, what is 0 + 46657056?
46657056
In base 11, what is -3601 - -4775?
1174
In base 10, what is 79218671 + 0?
79218671
In base 13, what is -13167538 + -2?
-1316753a
In base 16, what is 1b5 + eabe?
ec73
In base 3, wh